e d(i). Let k be (-4)/(-8) - a/(-2). What is the highest common factor of 198 and k?
18
Let a be 0*(6 + (-5 - 0)). Suppose a = 15*g - 2*g - 416. Calculate the greatest common factor of 256 and g.
32
Suppose i + 188 = 181, -3*t - 4*i + 92 = 0. Calculate the greatest common divisor of t and 468.
4
Let h be ((1 - -4) + -4)/(0 - -1). Let u be h/(-2*(-3)/72). Let f be ((-113)/(-5) + -1)/(u/40). Calculate the highest common factor of 8 and f.
8
Suppose -4*t = -5*h + 22, 5*t - 56 + 16 = -5*h. Calculate the highest common divisor of h and 2874.
6
Let c = -299 + 348. Suppose 2*t = 3*n + c + 20, 0 = -2*t - 5*n + 109. Let q = 159 + -75. What is the highest common factor of q and t?
42
Suppose -4894 + 25396 = 67*f. What is the highest common divisor of 1683 and f?
153
Let b be (144/(-24) - -24) + 13643. What is the greatest common factor of b and 19?
19
Let w be 122/(-16) - ((-295)/(-40) + -7). Let p be 12882/78 - w/(-52). Calculate the highest common factor of 55 and p.
55
Suppose 6*p + 33*p - 20*p = 6650. Calculate the greatest common divisor of p and 126.
14
Let m(d) = -2809*d**3 + 9*d**2 + 13*d + 3. Let v be m(-1). What is the greatest common divisor of 1521 and v?
117
Suppose i - 2*i = 3*i. Suppose i = -p - 2*k + 1 + 5, 5*k = 0. Suppose 16 = 11*o - p. What is the greatest common divisor of o and 2?
2
Let v be 7733/55 + 2/5. Let j = v + -121. What is the greatest common divisor of 80 and j?
20
Suppose 4*f - 8 = 5*o + 41, 3*o = 9. Suppose -n = -5*c - 4, 2*n + 2*n = 4*c + f. Let v be (-1)/n + 729/36. Calculate the greatest common divisor of 220 and v.
20
Suppose 0 = -d + v - 0*v + 2, 4*d = -5*v + 8. Suppose c = -c + d. Suppose 0 = 5*y + 10, 6 + 12 = 2*r - y. What is the greatest common divisor of c and r?
1
Suppose -341*v - 61506 = -221*v - 171*v. What is the highest common divisor of 9 and v?
9
Let r be 225/(-10)*5/((-60)/16). Suppose 3*t + 2*z = 816, 208 + 77 = t + 5*z. Calculate the greatest common divisor of t and r.
30
Let u(y) = 161*y - 6385. Let f be u(40). Calculate the highest common divisor of f and 435.
5
Let d(h) = -17*h + 1. Suppose 2*b + 3*k - 1 = 0, 4*b - 43 = 8*b - 3*k. Let q be d(b). What is the highest common divisor of q and 25?
5
Let b(a) = 4*a + 102. Let c be b(-24). Let t be c/((-12)/(-2))*86 - -4. What is the greatest common divisor of t and 10?
10
Suppose 0 = 2*s - 4*s + 10, -2*s - 12 = -2*t. Let x(j) = j**3 - 8*j**2 - 14*j - 22. Let r be x(t). What is the greatest common factor of r and 22?
11
Let q(z) = 5*z**2 + 11*z + 20. Let r(b) = b**3 + b**2 + 6*b + 4. Let v be r(-1). Let w be q(v). What is the greatest common factor of w and 60?
6
Let j(c) = -3*c**3 + 17 + 8 - 61*c - 17 + 2*c**3 - 16*c**2. Let z be j(-6). What is the highest common divisor of 70 and z?
14
Suppose 0 = 4*c - 5*c + 3. Suppose -m + c*m = -4*h + 24, -18 = -3*h + m. Let o be 1*(-1 + h + -1). What is the highest common divisor of 20 and o?
4
Suppose 3*v - 516 = 3*y, 3*v + 4*y + 2 - 546 = 0. Suppose 9*x - 3 - 141 = 0. What is the highest common factor of x and v?
16
Suppose -12 = -6*x, 12*i + 28534 = 16*i - 5*x. What is the highest common divisor of 669 and i?
223
Suppose -20*a + 39*a - 1188 = 10*a. Calculate the highest common divisor of a and 1804.
44
Let z(w) = -6*w - 189. Let c be z(-29). Let v = 79 - 7. Let p be (4 + (-25)/c)/(2/v). What is the greatest common factor of p and 51?
51
Let l(r) = -r**3 + 10*r**2 - 7. Let z be l(10). Let a be (-2 + z/(-2))*2. Suppose 69 = 15*j - 199 - 92. What is the greatest common factor of j and a?
3
Let m = -20 - -22. Let s be 47*(4 + (-4)/m + 0). Calculate the greatest common divisor of s and 329.
47
Let j(u) = -u**2 - 53*u - 210. Let h be j(-39). Suppose 2*m - 3*f - 99 = 0, 4*m - 153 = 3*f - 6*f. Calculate the highest common factor of h and m.
42
Suppose -o - 3*k + 1108 = 0, 0*o + 2*o - k - 2244 = 0. Suppose -1123*q + 87 = -o*q. Calculate the highest common divisor of 58 and q.
29
Suppose 3*n - 4*n = -3. Let f(m) = m**2 - 78*m + 1394. Let q be f(25). Calculate the highest common factor of n and q.
3
Let z(s) = -s**2 + 10*s - 5. Let o be z(9). Suppose -11 = -a + o. What is the highest common divisor of 135 and a?
15
Let s = -6702 - -15729. Calculate the greatest common factor of s and 236.
59
Let y(t) = 5*t**2 + 2*t - 20. Let k be y(-7). Let h = k + 9. Calculate the highest common divisor of h and 11.
11
Let y = 581 + 1264. Calculate the greatest common divisor of 30 and y.
15
Suppose 2*t + 1970 = 2*p - 3586, -2*t = -4*p + 11124. What is the highest common factor of p and 120?
24
Let q(z) = 5*z**3 - 4*z**2 - 9*z + 10. Let b be 0 - 5/((-20)/16). Let g be q(b). Calculate the greatest common factor of g and 92.
46
Suppose 31*y + 1039416 = y + 198*y. What is the greatest common factor of y and 92?
23
Let u(d) = 2*d**2 + 168*d + 5264. Let k be u(-41). Calculate the greatest common divisor of k and 44.
22
Let r = 8356 - 8066. Calculate the greatest common divisor of r and 35.
5
Let k be ((-1424)/(-80) - 21)*(0 + -150). Calculate the highest common factor of 1824 and k.
96
Let x(w) = -w**3 + w**2 + 7*w + 14. Let l(v) = -v**2 - 29*v - 33. Let u be l(-28). Let r be x(u). Calculate the greatest common divisor of 3 and r.
3
Let x = -6151 - -7016. Calculate the highest common divisor of x and 1384.
173
Let d = 8039 - 7699. Calculate the highest common factor of 40 and d.
20
Suppose 4*v + a - 4 = -3*a, 3*v = -5*a - 5. Suppose 11*m + 48 = 19*m. Suppose 9 = p - m. Calculate the highest common factor of v and p.
5
Let q = 8525 + -638. Calculate the greatest common divisor of 478 and q.
239
Let t be ((-2952)/27)/(32/(-36))*106/6. What is the greatest common factor of t and 164?
41
Suppose -2*y = 3*y, 5*m + 5*y = 100. Let r be (-2 - 8/(-7)) + (-48495)/(-1281). Let f = r - m. Calculate the greatest common divisor of 51 and f.
17
Suppose 5*c - 2 = -82*p + 85*p, -4*c = 4*p - 8. Let i(x) = 9*x**3 - 3*x**2 + 4*x - 2. Let g be i(1). What is the greatest common factor of g and c?
1
Let k be (214/(-10) - (-3 + 2))/((-19)/285). Calculate the greatest common factor of 846 and k.
18
Let d(a) = 171*a**2 - 143*a - 290. Let u be d(-2). Calculate the highest common factor of u and 4930.
170
Let b(t) = 9*t - 8. Let w be b(4). Let p(z) = w - 11 - 200*z + 199*z. Let u be p(11). Calculate the greatest common factor of u and 15.
3
Suppose 3*d + 3*s - 138 = 0, d + 6*s - 26 = s. Suppose -p + 517 = 4*f - 4, -4*p - f = -2234. What is the greatest common divisor of p and d?
51
Let x = 39 + -37. Let j be (-3)/x*(-20)/(-30). Let l be -2 + ((-38)/(-1) - j). What is the highest common factor of 407 and l?
37
Suppose 0 = 284*l - 281*l - 168. Suppose -3*w - b = -0*b - 85, -1 = -b. Calculate the greatest common divisor of w and l.
28
Suppose 0 = -2*s + 20. Let z be (-1185)/(-13) - s/65. What is the greatest common factor of 39 and z?
13
Let t(x) = 6*x + 80. Let c be t(-14). Let y = 15 + c. What is the highest common divisor of y and 33?
11
Let x be (15/6)/((-1)/(-2)). Suppose x*o - 5*n = 60, -o - 4*o = 5*n - 70. What is the greatest common divisor of o and 13?
13
Let k be ((-4)/3)/(32/(-96)). Suppose -k*j = -3*u - 232, 3*j + 4*u - 126 - 23 = 0. What is the greatest common factor of j and 132?
11
Let t = 24716 + -22474. Calculate the greatest common divisor of 38 and t.
38
Let o = 72 - 82. Let a(t) = -23*t - 30. Let c be a(o). Calculate the greatest common divisor of c and 25.
25
Suppose -975*f - 1350 = -980*f. Let s = 306 - f. What is the greatest common factor of 8 and s?
4
Suppose 4*u + 4064 = 10*u - 27424. Calculate the highest common divisor of u and 8.
8
Suppose 305520 = 33*d + 43*d. What is the greatest common factor of d and 60?
60
Let i be (-11)/(66/(-936)) + 2. Suppose 3*f - i + 137 = 0. Calculate the highest common factor of f and 49.
7
Let z = 290 + -270. Suppose 5*a - z = 0, 8*b - 11*b = -2*a - 121. Calculate the greatest common factor of b and 172.
43
Let w(a) = 23*a**3 - 18*a**2 - 49*a + 251. Let r be w(6). Calculate the highest common divisor of r and 423.
47
Suppose 5*p = -8*p + 247. Let g = 28 - p. Let q be 11/(-33) + (2 - (-246)/g). Calculate the greatest common factor of 319 and q.
29
Suppose -5*y + 2*y = 5*p - 198, 126 = 4*p - 3*y. Calculate the greatest common divisor of 1962 and p.
18
Suppose -55*p = -132*p + 50*p + 918. What is the greatest commo